4)/6)/(24/(-126) - 1/7). Calculate the greatest common divisor of 26 and g.
2
Let t(o) = 4*o**2 - 10866*o - 65307. Let c be t(-6). Let i(g) = -g - 1. Let r be i(-6). Let z = r + -2. What is the greatest common factor of z and c?
3
Let s = 34 - 32. Let x be 13 + -3*1/(-6)*-6. Calculate the highest common factor of s and x.
2
Let g be 28/((-12)/(-4) + -2). Let w be ((-24)/g)/((-3)/63). Suppose 0 = -8*t - 33 + 177. What is the greatest common factor of w and t?
18
Let i be (-4)/(12/(-27)) + -1. Suppose 0 = 3*p - i*p + 70. Suppose 0 = -2586*w + 2279*w + 38682. Calculate the highest common divisor of p and w.
14
Suppose 4*r - z = 4, 0 = 4*r - 8*r - 4*z + 24. Let m(c) = 364*c + 7. Let t be m(r). What is the greatest common divisor of t and 15?
15
Let q(o) = -2*o**2 + 82. Let k be q(0). Calculate the highest common factor of 10414 and k.
82
Let r = 3 - 0. Suppose 1136 = r*m + 5*m. Let j = m + -121. Calculate the greatest common divisor of 12 and j.
3
Let u(y) = 0*y**2 - 206 + 92 - 150 - y**2 - 50*y. Let t be u(-38). What is the greatest common factor of t and 12?
12
Let h = -33307 + 48031. Calculate the greatest common factor of 36 and h.
36
Suppose t - 5*t = -40. Let m = -153 + 158. Suppose -6 = -2*n - 0*n + w, n + 19 = -m*w. Calculate the highest common factor of t and n.
1
Let c(y) = -110*y - 3. Let z be c(-1). Let s = z - 105. Suppose 60 = 4*h - 4*r, s*h - 67 = -3*h - 3*r. Calculate the greatest common factor of 14 and h.
14
Let k = -40268 + 40270. What is the greatest common factor of k and 1107?
1
Suppose -4*x + 48 = -504. Suppose -3*h + 110 - 146 = -2*g, -6*g + 76 = -h. Calculate the highest common factor of x and g.
6
Let b = 57 + -40. Suppose -7*a + 2906 - 295 = 0. Suppose -a = -11*j + 562. What is the highest common divisor of j and b?
17
Let n be (135/(-300)*5)/(1/(-24)). Calculate the greatest common divisor of 2466 and n.
18
Let k(d) = 231*d**3 + 2*d**2 - 9*d + 8. Let p(h) = -h**2 + 21*h - 37. Let s be p(19). Let b be k(s). Calculate the greatest common factor of 58 and b.
58
Let a(g) be the second derivative of -g**5/10 - g**4/4 + 2*g**2 + 9*g + 2. Let i be a(-2). Calculate the highest common divisor of 8 and i.
8
Suppose 532 = 218*c - 199*c. Calculate the highest common factor of 160 and c.
4
Let y = 1545 + -1465. What is the highest common divisor of y and 75?
5
Let j = 109766 + -76992. Calculate the highest common factor of j and 14.
14
Let h be ((-140)/252*3)/(-2*2/36). Let m = 291 - 186. What is the highest common divisor of h and m?
15
Let i(u) = u**3 - u**2. Let x be i(6). Suppose 168*c = 3389 + 3331. Calculate the greatest common factor of x and c.
20
Let r be 7021/34 - (-6)/4. Let g = -9153 - -9201. Calculate the highest common factor of g and r.
16
Let v = -2428 + 5090. What is the greatest common divisor of v and 363?
121
Let j(g) = g**2 - 22. Let i be j(-6). Let d(a) = -7*a + 112. Let z be d(i). What is the highest common factor of 112 and z?
14
Let g(u) = -50*u - 714. Let w be g(-33). Let j = 1375 - 761. Let v = w - j. Calculate the greatest common divisor of v and 46.
46
Let a(x) = -8 + 30*x**2 - x + x - 27*x**2. Let f be a(-4). Calculate the greatest common factor of f and 20.
20
Let a(y) = -10*y - 5. Let o(l) = 52*l + 24. Let k(s) = -16*a(s) - 3*o(s). Let g be k(7). What is the highest common factor of g and 24?
12
Let d be 0 - (-33 - -2 - (-2)/2). Suppose 0 = 25*a - 27*a + d. What is the greatest common factor of 9 and a?
3
Suppose -5*n + 40 = 5*v, n - 2*v = 2*v - 7. Suppose 10 = w - n. Suppose -139*g + 145 = -272. Calculate the highest common divisor of g and w.
3
Suppose 940 = 13*y - 360. Calculate the greatest common factor of y and 780.
20
Let s = 7987 - 7697. Calculate the greatest common factor of 3335 and s.
145
Let i be (-235440)/30*5/2. Let k be (4/42 - 0) + i/(-378). Calculate the highest common factor of k and 4.
4
Let m = 225 + -110. Let p = m + -16. Suppose 3*r - 43 = -5*g - 4, 0 = -2*g + 5*r + 28. Calculate the greatest common divisor of g and p.
9
Suppose -78 = 2*m - 4*m. Suppose 13551 = 86*t - 16635. What is the greatest common divisor of t and m?
39
Suppose 0 = 4*r - 2*r - 60. Suppose -3*h = j - 1436, -4*h + 1908 = -32*j + 35*j. Calculate the greatest common divisor of r and h.
30
Let t(u) = 9*u**3 + 3*u**2 - 9*u + 15. Let o(i) = i**3 - 6*i**2 - 18*i + 18. Let z be o(8). Let p be t(z). What is the highest common divisor of p and 189?
27
Suppose 19*u + 28*u = 1269. What is the highest common divisor of 6 and u?
3
Let f(d) = -32*d - 1237. Let g be f(-48). What is the highest common divisor of 115 and g?
23
Suppose 5*a - 307 + 107 = 0. Let d = 66 - a. Calculate the greatest common factor of d and 130.
26
Let l be (-36)/(-6) - (-19 + -4895). What is the highest common divisor of 32 and l?
8
Let y(q) be the third derivative of -79*q**4/24 + 29*q**3/3 + 219*q**2. Let b be y(-2). Calculate the greatest common factor of b and 96.
24
Suppose -2*g = -11*g + 171. Suppose -q + 3*q = -u + g, 4*u + 20 = 0. Calculate the greatest common factor of q and 6.
6
Suppose 2*c = -c + 6. Suppose -4*p + 494 = 3*n + c*n, 4*p - 506 = n. What is the greatest common divisor of p and 108?
18
Let b = -152 + 287. Let p = b - 119. Calculate the greatest common factor of 336 and p.
16
Let m(b) be the second derivative of -b**5/20 - b**4/2 - 5*b**3/3 - 9*b**2/2 - b - 3. Let v be m(-7). What is the greatest common factor of v and 22?
22
Let d be (4/(-12) - -1)*(4 - 1). Let c be -31*9*d/(-6). What is the greatest common factor of 31 and c?
31
Suppose 3*c = -4*m + m + 45, c = 1. Let p(f) = 15*f - 310 + 55 + 78 + 38*f - 188. Let w be p(9). What is the highest common divisor of w and m?
14
Let r be (-6 - (-269136)/70) + (-3)/(-15). What is the greatest common divisor of r and 11?
11
Let b be -34 - ((-12 - -6) + 0). Let l be (-8)/b + 556/14. What is the highest common divisor of l and 16?
8
Let k(r) = -279*r**2 - 589*r - 8. Let b be k(-2). What is the highest common factor of 1710 and b?
18
Let o = 7158 - -52. What is the highest common divisor of 10 and o?
10
Let m = 108 - 381. Let c = -398 - m. Let f = c - -290. What is the highest common factor of 15 and f?
15
Let v be (-835)/(-75)*31 - (-2)/(-15). What is the highest common factor of 75 and v?
15
Let a be 6 - (-19232 + (14 - 4)). Calculate the highest common factor of 22 and a.
22
Suppose 0 = -6*p + 11*p - 154 - 16. Calculate the greatest common factor of 7701 and p.
17
Let a be (-9)/(-4) + 1/(-4). Suppose -2*u + 32 = 2*g - 38, -4*u + 150 = a*g. Suppose -606*x + 617*x = 88. Calculate the greatest common factor of x and u.
8
Let m(c) = -c**2 + 12*c - 7. Let q be m(11). Suppose 14 = -0*k + 2*k + 2*g, 0 = q*k - 5*g + 17. What is the greatest common divisor of 86 and k?
2
Suppose -2*v + 4*v + 2*d = 0, 32 = 3*v - 5*d. Let s(a) = 10*a**2 + 13*a - 36. Let k be s(v). What is the greatest common factor of k and 24?
8
Suppose 2*h + 26 = 4*y, 25 = -5*y + 9*y - h. Calculate the greatest common divisor of 162 and y.
6
Suppose -5*f + 790 = 3*j, 5*j - f - 1296 = f. Let h = j + -227. Calculate the highest common divisor of 165 and h.
33
Suppose -151*b = 25070 - 29147. Let n(w) = 3*w**2 - 6*w. Let p be n(6). What is the greatest common factor of b and p?
9
Let l be (15/20)/(2/1248). What is the highest common divisor of 832 and l?
52
Suppose -98*p = 336*p + 37647 - 462967. Suppose 7 = a - 13. Calculate the highest common divisor of p and a.
20
Let b be 2328/(15 + -13) + (1 - 0). What is the highest common factor of b and 15?
5
Let x be (-2 + 8)*(-10)/(-6). Let h(q) = -2*q - 4. Let w be h(4). Let j be 1/(6*(-1)/w). Calculate the greatest common divisor of x and j.
2
Suppose 14*h - 1275 = 9*h. Suppose -h = -22*g + 713. What is the highest common factor of g and 286?
22
Suppose -9*t + 16 = -7*t. Let f be (-4)/t*-262 - 5. What is the greatest common divisor of f and 18?
18
Let p be (3 - 70/15)/((-35)/42). Let m be -227*(-6)/p + 7. Calculate the greatest common divisor of m and 16.
16
Suppose -4*l + 13*l + 108 = 0. Let j(p) = -p + 24. Let y be j(l). What is the greatest common factor of y and 60?
12
Suppose -6*h + 865 + 767 = 0. Let f be (-5 - -4)/((-4)/(-324)). Let w = 115 + f. Calculate the greatest common divisor of w and h.
34
Let b(c) = -c**2 - 15*c + 2. Let m be b(-5). Let d = -26 - -42. What is the 